1.
310
What is the remainder when 5176 is divided by 4978?
198
What is the remainder when 749 is divided by 108?
101
What is the remainder when 131452 is divided by 882?
34
What is the remainder when 17596 is divided by 409?
9
What is the remainder when 97533 is divided by 16?
13
Calculate the remainder when 31988 is divided by 18.
2
What is the remainder when 948 is divided by 74?
60
What is the remainder when 101636 is divided by 156?
80
Calculate the remainder when 26749 is divided by 147.
142
Calculate the remainder when 31165 is divided by 155.
10
What is the remainder when 3551 is divided by 40?
31
Calculate the remainder when 628 is divided by 46.
30
What is the remainder when 2004 is divided by 1998?
6
What is the remainder when 60668 is divided by 126?
62
What is the remainder when 15515 is divided by 1193?
6
What is the remainder when 1073 is divided by 259?
37
Calculate the remainder when 95216 is divided by 14.
2
What is the remainder when 2548 is divided by 3?
1
Calculate the remainder when 3690 is divided by 142.
140
What is the remainder when 1117 is divided by 370?
7
Calculate the remainder when 39818 is divided by 19900.
18
Calculate the remainder when 1049 is divided by 35.
34
Calculate the remainder when 100544 is divided by 57.
53
What is the remainder when 85212 is divided by 14194?
48
What is the remainder when 43829 is divided by 52?
45
Calculate the remainder when 2137 is divided by 1993.
144
What is the remainder when 10568 is divided by 107?
82
What is the remainder when 141093 is divided by 21?
15
What is the remainder when 366527 is divided by 24?
23
What is the remainder when 122 is divided by 99?
23
What is the remainder when 2017 is divided by 57?
22
Calculate the remainder when 11055 is divided by 578.
73
Calculate the remainder when 5441 is divided by 1809.
14
Calculate the remainder when 917075 is divided by 74.
67
Calculate the remainder when 19491 is divided by 291.
285
Calculate the remainder when 1856 is divided by 606.
38
What is the remainder when 19509 is divided by 2432?
53
Calculate the remainder when 434971 is divided by 28.
19
What is the remainder when 9321 is divided by 620?
21
Calculate the remainder when 8846 is divided by 57.
11
Calculate the remainder when 98013 is divided by 10884.
57
Calculate the remainder when 617113 is divided by 242.
13
What is the remainder when 17381 is divided by 59?
35
Calculate the remainder when 88725 is divided by 17745.
0
What is the remainder when 7140 is divided by 52?
16
What is the remainder when 7190 is divided by 148?
86
Calculate the remainder when 6752 is divided by 3.
2
Calculate the remainder when 286320 is divided by 94.
90
Calculate the remainder when 1476 is divided by 603.
270
Calculate the remainder when 11471 is divided by 1274.
5
Calculate the remainder when 34355 is divided by 42.
41
Calculate the remainder when 2081279 is divided by 160.
159
Calculate the remainder when 58693 is divided by 91.
89
Calculate the remainder when 27381 is divided by 1095.
6
Calculate the remainder when 307 is divided by 165.
142
Calculate the remainder when 179389 is divided by 298.
291
What is the remainder when 486 is divided by 7?
3
Calculate the remainder when 357582 is divided by 108.
102
Calculate the remainder when 281059 is divided by 47.
46
Calculate the remainder when 2614 is divided by 2608.
6
Calculate the remainder when 44956 is divided by 1550.
6
Calculate the remainder when 748 is divided by 3.
1
Calculate the remainder when 623389 is divided by 38.
37
Calculate the remainder when 710787 is divided by 118463.
9
Calculate the remainder when 23656 is divided by 12.
4
What is the remainder when 4029 is divided by 361?
58
What is the remainder when 893171 is divided by 38?
19
Calculate the remainder when 54771 is divided by 7.
3
Calculate the remainder when 1905 is divided by 863.
179
What is the remainder when 9901 is divided by 3299?
4
Calculate the remainder when 12728 is divided by 45.
38
What is the remainder when 37798 is divided by 135?
133
Calculate the remainder when 149057 is divided by 9.
8
Calculate the remainder when 6549 is divided by 117.
114
What is the remainder when 53635 is divided by 26?
23
What is the remainder when 8457 is divided by 30?
27
Calculate the remainder when 17867 is divided by 5844.
335
What is the remainder when 29375 is divided by 53?
13
Calculate the remainder when 6119 is divided by 339.
17
Calculate the remainder when 4976 is divided by 422.
334
What is the remainder when 494819 is divided by 36?
35
What is the remainder when 14393 is divided by 3598?
1
What is the remainder when 121264 is divided by 9?
7
Calculate the remainder when 24611 is divided by 337.
10
Calculate the remainder when 119712 is divided by 17.
15
What is the remainder when 68452 is divided by 99?
43
Calculate the remainder when 1041 is divided by 13.
1
What is the remainder when 7917 is divided by 25?
17
Calculate the remainder when 79400 is divided by 39680.
40
What is the remainder when 64262 is divided by 21320?
302
Calculate the remainder when 719 is divided by 122.
109
What is the remainder when 55567 is divided by 18404?
355
What is the remainder when 5847 is divided by 487?
3
Calculate the remainder when 11001 is divided by 10207.
794
What is the remainder when 4496 is divided by 4476?
20
What is the remainder when 3522 is divided by 236?
218
What is the remainder when 46260 is divided by 241?
229
Calculate the remainder when 8041 is divided by 2646.
103
What is the remainder when 136677 is divided by 402?
399
Calculate the remainder when 1816 is divided by 11.
1
What is the remainder when 3768 is divided by 407?
105
What is the remainder when 200364 is divided by 6?
0
Calculate the remainder when 82 is divided by 23.
13
Calculate the remainder when 40725 is divided by 149.
48
What is the remainder when 16129 is divided by 645?
4
What is the remainder when 2555 is divided by 704?
443
Calculate the remainder when 20249 is divided by 561.
53
Calculate the remainder when 16852 is divided by 98.
94
What is the remainder when 3841031 is divided by 507?
506
What is the remainder when 191968 is divided by 270?
268
Calculate the remainder when 523 is divided by 116.
59
What is the remainder when 756229 is divided by 1609?
1608
What is the remainder when 541 is divided by 197?
147
What is the remainder when 2798 is divided by 95?
43
Calculate the remainder when 38245 is divided by 481.
246
Calculate the remainder when 84708 is divided by 62.
16
What is the remainder when 2921 is divided by 19?
14
What is the remainder when 1631 is divided by 398?
39
What is the remainder when 77432 is divided by 239?
235
Calculate the remainder when 2618 is divided by 365.
63
What is the remainder when 105965 is divided by 126?
125
Calculate the remainder when 6408 is divided by 31.
22
What is the remainder when 511836 is divided by 31?
26
What is the remainder when 12809 is divided by 79?
11
What is the remainder when 6358 is divided by 66?
22
What is the remainder when 30418 is divided by 130?
128
What is the remainder when 176886 is divided by 19650?
36
What is the remainder when 32312 is divided by 47?
23
What is the remainder when 7094 is divided by 2888?
1318
What is the remainder when 21342 is divided by 86?
14
Calculate the remainder when 421486 is divided by 140494.
4
What is the remainder when 292 is divided by 93?
13
What is the remainder when 8012 is divided by 4?
0
Calculate the remainder when 1273 is divided by 633.
7
Calculate the remainder when 8347 is divided by 79.
52
What is the remainder when 141348 is divided by 47103?
39
What is the remainder when 2928933 is divided by 59?
55
What is the remainder when 3646 is divided by 1157?
175
Calculate the remainder when 13373 is divided by 433.
383
Calculate the remainder when 12541 is divided by 2647.
1953
Calculate the remainder when 7162 is divided by 2355.
97
Calculate the remainder when 5820075 is divided by 16.
11
Calculate the remainder when 14917 is divided by 4969.
10
What is the remainder when 1987666 is divided by 78?
70
What is the remainder when 4544 is divided by 215?
29
What is the remainder when 6307 is divided by 63?
7
What is the remainder when 2061817 is divided by 79?
75
Calculat